*2 + s - 8. Let d(p) = 6*f(p) + 7*m(p). What are the prime factors of d(-2)?
2
Suppose 3*n + 5*p = 5250, 5*n - 5086 = -2*p + 3645. What are the prime factors of n?
5, 349
Let j be -1*((-6)/(-2) - -1). Let y(l) = -l - 4. Let b be y(-3). List the prime factors of (j/10)/(b/20).
2
Suppose 5*w = 2*s - 606 - 1285, 0 = -4*w - 20. What are the prime factors of s?
3, 311
Let c(u) = -14*u + 6. Let k(j) = j**2 + 12*j - 3. Let w be k(-12). List the prime factors of c(w).
2, 3
Suppose -5*p - 5*f + 3065 = 0, 9*p - 5*p - 2452 = 2*f. What are the prime factors of p?
613
Let l = -13 - -25. Let q = -6 + 6. Suppose 0*n + n + 5*s - 7 = q, -4*s = n - l. What are the prime factors of n?
2
Suppose 3*j - 58 - 569 = 0. What are the prime factors of j?
11, 19
Let a(p) = 1116*p - 1. What are the prime factors of a(1)?
5, 223
Let j be (-1)/(1217/(-1515) - (-8)/10). Let u = j + -178. What are the prime factors of u?
5
Let a(n) be the second derivative of n**3/3 - 7*n**2/2 + 6*n. Let i be a(5). Suppose 0 = i*p - 10 - 53. What are the prime factors of p?
3, 7
Suppose -262*t = -260*t - 5206. What are the prime factors of t?
19, 137
Let w = 7 - 2. Suppose w*z = 2 + 18. Suppose z*t + x = -2*x + 10, 2*t - 2 = -3*x. List the prime factors of t.
2
Suppose 2*r + 2*r - 8 = 0. Suppose -2*c - 17 = 3*z + 3*c, 2*z - r*c - 10 = 0. Suppose -3*a + 22 = z. What are the prime factors of a?
7
Let c = -1784 + 2606. List the prime factors of c.
2, 3, 137
Let o(l) = -l**3 + 3*l**2 + 2. Suppose 1 = -d + 4. Let u be o(d). Let z = 6 + u. What are the prime factors of z?
2
Let d(l) = 5*l**3 - 1. Let n be d(-1). Let j be 8/3*-1*n. Let o(w) = w + 39. What are the prime factors of o(j)?
5, 11
Suppose 2*m = -3*n + 127, 2*n + m + 16 - 102 = 0. List the prime factors of n.
3, 5
Suppose -2*r - 3*a + 836 = -6*r, -5*a + 418 = -2*r. Let w = -131 - r. What are the prime factors of w?
2, 3, 13
Let r(t) = t**2 - 2*t + 9. Let b(w) = w**2 - w + 5. Let k(i) = 5*b(i) - 3*r(i). Suppose 0 = 26*p - 29*p - 6. What are the prime factors of k(p)?
2
Suppose 5*u - 4*z - 33 = 0, -2*z = -3*u + 7*u - 16. Suppose 7*g - 60 = 2*g + u*v, 0 = -4*g - 5*v + 12. What are the prime factors of g?
2
Let i be (-4)/(-14) + (-3762)/(-63). Suppose 0 = v + 11 - i. What are the prime factors of v?
7
Let g(d) = 134*d + 62. List the prime factors of g(6).
2, 433
Suppose 5*u + 7 = -8, -j + 23 = 3*u. Suppose j*n - 33*n + 245 = 0. Suppose 6*m - n = m. List the prime factors of m.
7
Suppose -5*f + 2*b + 30 = 5*b, -5*b = 4*f - 37. Let a(d) = 7*d**3 - 6*d - 3. List the prime factors of a(f).
2, 3, 7
Suppose 3*g - 6*g = -3*j + 633, 0 = 5*j + g - 1067. Suppose 2*t = -b + j + 153, -2*b + 8 = 0. What are the prime factors of t?
181
What are the prime factors of ((-1833)/(-9) - 1)*3?
2, 19
Let b(j) = 40*j - 28. Let i be b(5). Let c = i - 114. List the prime factors of c.
2, 29
Suppose 9 - 19 = 5*l. Let n be l - (-45 - (2 + -3)). Suppose n - 6 = 2*m. List the prime factors of m.
2, 3
Suppose 2*m - 1351 = -3*d, -5*d - m - 390 + 2644 = 0. What are the prime factors of d?
11, 41
Let y = 35 - 41. Let q = y + 7. List the prime factors of (-2 + q)/((-16)/368).
23
Suppose 2*t + 5*h = 0, -4*t + h - 5*h = 0. Suppose -2*b + t*r = -r - 167, 5*b = -r + 400. List the prime factors of b.
3
Suppose 4*h + n - 4371 = -0*h, 4*h - 4383 = -5*n. Suppose 5*w = 19*w - h. What are the prime factors of w?
2, 3, 13
Suppose -5*o + 2*h + 336 = 61, -3*o = 3*h - 186. Suppose 0*m + 4 = m. Suppose 0 = -g + m*g - o. What are the prime factors of g?
19
Let l(a) = -a**2 - 9*a + 3. Let d be l(-7). Let v = d + -14. Suppose v*w - 50 = 2*w. What are the prime factors of w?
2, 5
Suppose -10*k = -3 + 43. What are the prime factors of 104/5*(k - 23/(-2))?
2, 3, 13
Let h(f) = 2*f + 53. What are the prime factors of h(0)?
53
Suppose -9*x + 14 = -7*x + 4*l, x = -3*l + 4. Let f be -1 + (0 - (1 - 5)). Suppose 0 = f*u - x - 38. What are the prime factors of u?
17
Let a be 3 - (-1 + 0 + -28). Suppose 0 = -2*c + 244 + a. Suppose 0 = 23*t - 26*t + c. What are the prime factors of t?
2, 23
Suppose -15*w + 7056 = -7*w. List the prime factors of w.
2, 3, 7
Suppose 0 = -85*h + 102*h - 12104. What are the prime factors of h?
2, 89
Let w = -61 - -121. Let h = w + -18. Suppose 0 = 4*d - h - 22. List the prime factors of d.
2
Let f be (-4 - (-2 + -1))*-3. Let j be f/(-5) - 15/(-25). Suppose i - 3 = -5*n, j = -5*i - n + 6*n + 75. List the prime factors of i.
13
Let s(r) = -r**3 + 19*r**2 - 30*r - 25. What are the prime factors of s(16)?
263
Let b(w) = 4*w**2 + 21*w + 35. List the prime factors of b(-14).
3, 5, 7
Suppose -2*b + 5*n = -1287, -b - 60 + 701 = -5*n. What are the prime factors of b?
2, 17, 19
Let b = -289 + 1258. List the prime factors of b.
3, 17, 19
Let q(g) = 33*g**2 - 11*g. Let d be q(-5). What are the prime factors of d/7 + 0 + 6/21?
2, 3, 7
Suppose -12*l + 342 = -11*l. Suppose 0 = w - 3*a - 175, -2*a - 2*a = -2*w + l. What are the prime factors of w?
163
Let h be (-6)/15 + 539/35. What are the prime factors of 1*760/(h/3)?
2, 19
Let g(d) = -2*d**3 + d**2 - 17*d + 2. What are the prime factors of g(-8)?
2, 613
Suppose -3*z - 12 = 0, -4*o - z - 8 = z. Suppose 4*i - 2*i - 191 = 3*k, 5*i - 2*k - 494 = o. What are the prime factors of i*(1/(-2))/(-1)?
2, 5
Suppose 2*c + 43 = 1. Let j = c + 22. List the prime factors of -2 + (-120)/(-4) + j.
29
Let t = 5624 + -1165. List the prime factors of t.
7, 13
Let b(q) = 3*q**2 - 8*q**2 - 2 + 4*q**2 + 6*q + 4. What are the prime factors of b(6)?
2
Let g = -8 + 14. Suppose 0 = -10*w + g*w - 252. Let k = -39 - w. List the prime factors of k.
2, 3
Let j be 4/10*(-2 - -12). Let u(r) be the second derivative of r**4/4 + r**3/3 + r**2/2 + 170*r. List the prime factors of u(j).
3, 19
Let l(d) = 14*d**2 + 12*d - 398. List the prime factors of l(16).
2, 3, 563
Let u = 19 - 29. Let s = -8 - u. Suppose -p = -s*o - 7, -2*o - 1 = 3. List the prime factors of p.
3
Let i(b) = 14*b + 30. List the prime factors of i(6).
2, 3, 19
Suppose d - 5634 = -2*d. What are the prime factors of d?
2, 3, 313
Let q(m) be the first derivative of m**4/4 - 10*m**3/3 + 6*m**2 - 10*m - 5. Let l be q(10). Suppose 5*n - 25 - l = 0. List the prime factors of n.
3
Let c(m) = m**3 + 7*m**2 + 4*m + 8. Let h(o) = -o - 19. Let a be (-5)/(-15) - (-40)/(-3). Let s be h(a). List the prime factors of c(s).
2, 5
Let t be (6/10)/((-7)/(-35)). List the prime factors of 258/t*2/4.
43
Let s = 23 + -25. What are the prime factors of (-1)/s - (-332)/8?
2, 3, 7
Let f = 22 - 36. Let y be (f - -12)*-1*1. Suppose g - y*i - 19 = 29, 4*g - 183 = -i. List the prime factors of g.
2, 23
Let s = -7 + 5. Let n be (-6)/s - 30/10. Suppose -x + 13 + 10 = n. What are the prime factors of x?
23
Let p(r) = -26*r**2 - 4*r + 2. Let d(m) = -27*m**2 - 4*m + 2. Let t(h) = 3*d(h) - 4*p(h). List the prime factors of t(2).
2, 7
Suppose -3*s + 0*n + 429 = n, 5*s = n + 707. Suppose 72 = 2*z + d, -d = -4*z - 4*d + s. List the prime factors of z.
37
Let s(w) be the third derivative of w**6/120 - w**5/20 + 2*w**2. Let z be s(3). List the prime factors of z - -6 - (-1 - 1).
2
Suppose 0 = -2*o + 4*k - 4, -3*o - k = k - 18. Suppose 244 = o*w - 0*w. List the prime factors of w.
61
Let o be 4/(-10) - 5/((-50)/4). Suppose o = -8*g + 7*g + 157. List the prime factors of g.
157
Suppose 0 = 5*k - k - 16. Let n be ((-6)/1)/(0 + 2). Let y = k - n. What are the prime factors of y?
7
Suppose 2*z + u - 18 - 6 = 0, 8 = 4*u. List the prime factors of (-12)/66 + 431/z.
3, 13
Let q be ((-12)/(-10))/((-1)/(-5)). Let t(k) = -q*k - 2 + 17 - 5*k + k**2. List the prime factors of t(11).
3, 5
Let w be (4/6)/(3/(-972)). Let r = 368 + w. Suppose -6*d + r = -166. What are the prime factors of d?
53
Let x(n) = 4*n**2 - 2. Let f be x(-13). Suppose f = 5*d + 19. What are the prime factors of d?
131
Let u = 111 + -110. Let f(s) = 235*s. What are the prime factors of f(u)?
5, 47
Let d = -886 + 3667. What are the prime factors of d?
3, 103
Let u(y) = 85*y**2 - 32*y - 230. What are the prime factors of u(-6)?
2, 1511
Let w(y) = -3*y**3 - y**2 + 4. Suppose 3 + 3 = 3*o + 5*r, o - 4*r = -15. What are the prime factors of w(o)?
2, 19
Let r(w) = 36*w**3 - 8*w**2 + 14*w - 7. List the prime factors of r(2).
277
Let r(a) = 4*a**2 + 5*a - 6. Let v be r(1). Suppose -g = -v*g + 162. Wh